r when 12 is divided by o.
2
Let u be 9/(-7) - 12/(-42). Let j = 14 + u. Suppose -x + 48 = p, 98 = 2*x - 2*p + 3*p. What is the remainder when x is divided by j?
11
Suppose 24 = y + 5. What is the remainder when 37 is divided by y?
18
Let a = -3 + 8. Suppose 3*f + 2*h - 112 = 0, 3*f - 8*f + 186 = 3*h. Suppose 0*w + 4*w = f. Calculate the remainder when w is divided by a.
4
Suppose 7*t - 20 = 5*t - 2*c, 4*t + 2*c - 38 = 0. Suppose -3*o = -9, o = -4*m + 2*o + 13. What is the remainder when t is divided by m?
1
Suppose -118 - 66 = -4*w. Calculate the remainder when w is divided by 12.
10
Let g = -12 - 0. Calculate the remainder when ((-9)/g)/((-3)/(-120)) is divided by 16.
14
Let j = -1138 + -2313. Let c be (-2)/11 + j/77. Calculate the remainder when (1/3)/((-1)/c) is divided by 8.
7
Suppose -6*z = -z - 110. Suppose -16 = -3*p + 20. What is the remainder when z is divided by p?
10
Let j = 5 + 33. Let b = -27 + j. Let p = 4 + 3. Calculate the remainder when b is divided by p.
4
Calculate the remainder when 39 is divided by ((-2)/3)/((-2)/42).
11
Suppose 4*r + 43 = -3*n, 2*r = -n - 8 - 9. Let t = n - -22. What is the remainder when t is divided by 7?
6
Let u = -7 + 12. Suppose -u*f + 52 = 7. Calculate the remainder when 25 is divided by f.
7
What is the remainder when (-846)/(-10) + (-24)/(-60) is divided by 22?
19
Let i(p) = 5*p - 18. What is the remainder when 79 is divided by i(9)?
25
Let h = -26 + 49. Let z = 6 + 0. What is the remainder when h is divided by z?
5
Suppose -l + 19 + 15 = 0. Let j = 21 - l. Let p = -4 - j. What is the remainder when 25 is divided by p?
7
Let f(l) = -l**3 + 9*l**2 + 6*l + 13. What is the remainder when f(9) is divided by 17?
16
Let j(q) be the first derivative of -q**2/2 + 3*q - 4. Let x be j(3). Suppose x = 2*c - 19 - 1. Calculate the remainder when 37 is divided by c.
7
Suppose 28 = 5*k - 17. Let g = -12 - -8. Let f = k - g. What is the remainder when 24 is divided by f?
11
Suppose 3*q + 4*z - 42 = -5, 2*z = -q + 9. What is the remainder when 48 is divided by q?
10
Suppose -3*f + 2*u = -37, -f = -3*f - 2*u + 38. Let x(c) = c**2 + 3*c. Calculate the remainder when x(-7) is divided by f.
13
Let h = -11 + 14. Suppose -35 = h*b - 8*b. What is the remainder when b is divided by 2?
1
Suppose -3*h + 2*q = -h - 74, -3*h = -5*q - 111. Calculate the remainder when h is divided by 16.
5
Let p be (0 - -2) + -1 + 1. Suppose -2*g = 4*r - 0 - 114, 3*r = p*g + 82. Suppose -h - h = -r. Calculate the remainder when h is divided by 4.
2
Let y = -19 - -40. What is the remainder when 83 is divided by y?
20
Let m(g) = g**2 + 17*g + 3. Let i be m(-17). Suppose 3*k + i = 12. What is the remainder when k is divided by 1?
0
Suppose -i + 14 = -0*i + 4*q, 0 = 4*q. Calculate the remainder when 26 is divided by i.
12
Let c = 3 - 1. Let m = c + 9. Let i = 12 + m. Calculate the remainder when i is divided by 12.
11
Let u(d) = 31*d**2 + d - 1. Let w be u(2). Suppose -2*x + w = 3*n, -2*n = -n + 5*x - 59. Calculate the remainder when n is divided by 20.
19
Let h(b) = 2*b**2 + 6*b + 2. Calculate the remainder when h(-5) is divided by 12.
10
Let d be (-3 - 0)*1 - -5. Calculate the remainder when 11 is divided by ((d - 1)*-3)/(-1).
2
Suppose 0 = 6*l - 2*l - 4*b - 16, -l + 3*b = -4. Calculate the remainder when 14 is divided by l.
2
Suppose f = 2*a - 9, 2*a + 31 = 5*a + 2*f. Suppose -q = -0*q - a. Let d = 4 - 0. What is the remainder when q is divided by d?
3
Let k(m) be the second derivative of -m**3/3 + m**2/2 - m. Calculate the remainder when 5 + -7 - 20/(-2) is divided by k(-2).
3
Suppose -3*p = -3*y + 15, -5 = -4*y + 2*y + 3*p. Let q be (-2)/(4/y)*-1. Suppose -53 = -q*b + 47. What is the remainder when b is divided by 11?
9
Suppose 452 = 4*m - 3*g, -5*m + 4*g + 346 = -2*m. What is the remainder when m is divided by 28?
26
Suppose 2*q + 12 = 2*n, 8*n - 3*n - 27 = 2*q. Calculate the remainder when (2 - (-64 - -2)) + q is divided by 22.
19
Let j = -14 + 22. Suppose -7 - 5 = -4*y. Suppose -j*a + y*a + 205 = 0. Calculate the remainder when a is divided by 21.
20
Let o(y) = 6*y. What is the remainder when o(10) is divided by 17 + (-8 + 4)/(-1)?
18
Let t = 415 - 152. Let q = -186 + t. What is the remainder when q is divided by 20?
17
Let t(m) = -m + 10. Let g(v) = v**2 - 2*v - 3. Let q be g(-2). Suppose q = u - 7. What is the remainder when t(-12) is divided by u?
10
Suppose -5*i = -2*i - 21. Let b = 72 - 39. Calculate the remainder when b is divided by i.
5
Suppose -1 = y + 2*y + 2*a, -4*y + 5*a + 37 = 0. Calculate the remainder when 1 - -2 - (-7 + 3) is divided by y.
1
Suppose 0 = -5*g - s + 149, -4*g + 3*s - 73 = -196. Suppose 3*v - g + 0 = 0. Calculate the remainder when v is divided by 6.
4
Let z be 1 - 1 - (-8)/4. Suppose -g - 4 = 5*a - 49, -a = z*g. Suppose 0 = 2*k - 11 + 3. Calculate the remainder when a is divided by k.
2
Let g(m) = -m**3 + 8*m**2 - 9*m + 1. Calculate the remainder when g(6) is divided by 11.
8
Suppose 519 = 5*z - 386. What is the remainder when z is divided by 46?
43
Let u(r) = 3*r + 7. Suppose -5*b - 2*k - 23 = 0, -17 = 3*b + k - 3*k. Let l be u(b). Calculate the remainder when 21 is divided by (-90)/l + 3/(-12).
10
What is the remainder when 123 is divided by 14/(((-8)/18)/(22/(-33)))?
18
Suppose -g - 2*a = -36, 0*a = 3*g + 5*a - 106. Let n(p) = p**3 + 6*p**2 + p - 3. Calculate the remainder when g is divided by n(-5).
15
Let q = 186 - 111. Calculate the remainder when q is divided by 19.
18
Suppose 2*t - 7*t + 10 = 0. What is the remainder when ((-42)/18)/(1/(-3)) is divided by t?
1
Suppose g + 0 - 3 = 0. Suppose g*d - 43 = 4*m - 8*m, 73 = 3*d - 2*m. Suppose -228 - 77 = -5*i. What is the remainder when i is divided by d?
19
Suppose 0 = -3*k - 4*m + 16, 4*k - 6*m + m - 73 = 0. Suppose 17 = -4*u - 31. Let l = u - -35. What is the remainder when l is divided by k?
11
Suppose 0 = -2*j - 4*s + 12, -3*s - 10 = -5*j + 20. What is the remainder when 8 is divided by j?
2
Let m = -7 + 17. Suppose -h = -4*k - 8, h + 2 = k + 4. Suppose -7*p - 36 + 232 = h. Calculate the remainder when p is divided by m.
8
Suppose 5*c = -3*c + 96. Calculate the remainder when 47 is divided by c.
11
Let m = -14 + 25. Suppose -2 = -3*s - m, -y + 1 = 2*s. What is the remainder when y is divided by 3?
1
Suppose 4*w - 3*a - 69 = 0, -3*w + a = -3*a - 50. Suppose 361 = 5*r + 16. Calculate the remainder when r is divided by w.
15
Suppose 2*f = -3*b + 75, 4*f - 105 = -3*b + 6*b. Suppose 0 = 3*h + l - f, 0*l + 39 = 3*h - 2*l. What is the remainder when 20 is divided by h?
9
Suppose 0 = -2*p + 3*f + 212, -216 = 13*p - 15*p + 4*f. Calculate the remainder when p is divided by 21.
16
Let n = -3 - -13. Calculate the remainder when n is divided by 4.
2
Let x = 4 - 1. Let q = 5 - x. What is the remainder when 4 is divided by q?
0
Suppose 4*n + 2*u = -2*u + 12, -4*n - 3*u + 17 = 0. Let v = 0 + 5. Suppose v*g = g + 92. What is the remainder when g is divided by n?
7
Suppose -5*i + 613 = -3*u, -4*u = -6*i + 3*i + 359. Let n = i - 82. Calculate the remainder when n is divided by 22.
21
Suppose -57 = -24*z + 21*z. Calculate the remainder when 74 is divided by z.
17
What is the remainder when (41 - 12)/((-1)/(-2)) is divided by 12?
10
Let x(i) = 23*i - 4. Calculate the remainder when 74 is divided by x(1).
17
Suppose -2*w = -0 - 4. Suppose 2*v = -3*g + 26, 6*v + 2*g - 60 = 2*v. Let y = v - w. Calculate the remainder when 40 is divided by y.
12
Let z(o) = o**2 + 9*o + 6. Let y be z(-6). What is the remainder when 2/y - 155/(-30) is divided by 2?
1
Let h = 1 + 5. Let n = -4 + h. Suppose 0 = -n*f + f + 49. What is the remainder when f is divided by 17?
15
Calculate the remainder when 2/(-2)*(-14)/2 is divided by 4.
3
Suppose 47 = 5*r + 3*j, -2*r - 2*r - 5*j + 35 = 0. Let l(f) = -f - 4. Let h be l(-4). Calculate the remainder when r is divided by 6/(2 + (-1 - h)).
4
Let x(y) = -y**3 - 3*y**2 + y + 4. Suppose 4*j - 14 = q - 6, -3*j - q - 1 = 0. Calculate the remainder when j is divided by x(-3).
0
Suppose 0 = 2*g - 12 + 4. What is the remainder when -1*-2*13/2 is divided by g?
1
Suppose 0 = -4*s - 2*b, 3*b = 2*s + 7*b + 12. Suppose -2*l - l = y - 23, 5*l - 9 = s*y. What is the remainder when y is divided by 5?
3
Let b(a) = -a + 19. What is the remainder when b(13) is divided